{"id":164,"date":"2018-05-25T08:40:21","date_gmt":"2018-05-25T06:40:21","guid":{"rendered":"http:\/\/sandra-schluzy.de\/cms\/?page_id=164"},"modified":"2022-11-22T11:29:51","modified_gmt":"2022-11-22T10:29:51","slug":"datenschutz","status":"publish","type":"page","link":"http:\/\/sandra-schluzy.de\/cms\/datenschutz\/","title":{"rendered":"Datenschutz"},"content":{"rendered":"<h4>Datenschutzerkl\u00e4rung<\/h4>\n<h4>Verantwortliche Stelle<\/h4>\n<p>Verantwortliche Stelle f\u00fcr die Erhebung, Verarbeitung und Nutzung Ihrer personenbezogenen Daten im Sinne des Bundesdatenschutzgesetzes (BDSG) ist<\/p>\n<p>Ganzheitliche Wohlf\u00fchlpraxis Sandra Schluzy, 03099 Kolkwitz, Berliner Stra\u00dfe 146<a href=\"http:\/\/sandra-schluzy.de\/cms\/wp-content\/uploads\/2022\/11\/logo-Korrektur-4-1.jpg\"><img decoding=\"async\" loading=\"lazy\" class=\"alignright size-medium wp-image-196\" src=\"http:\/\/sandra-schluzy.de\/cms\/wp-content\/uploads\/2022\/11\/logo-Korrektur-4-1-171x300.jpg\" alt=\"\" width=\"171\" height=\"300\" srcset=\"http:\/\/sandra-schluzy.de\/cms\/wp-content\/uploads\/2022\/11\/logo-Korrektur-4-1-171x300.jpg 171w, http:\/\/sandra-schluzy.de\/cms\/wp-content\/uploads\/2022\/11\/logo-Korrektur-4-1-583x1024.jpg 583w, http:\/\/sandra-schluzy.de\/cms\/wp-content\/uploads\/2022\/11\/logo-Korrektur-4-1-768x1349.jpg 768w, http:\/\/sandra-schluzy.de\/cms\/wp-content\/uploads\/2022\/11\/logo-Korrektur-4-1-874x1536.jpg 874w, http:\/\/sandra-schluzy.de\/cms\/wp-content\/uploads\/2022\/11\/logo-Korrektur-4-1.jpg 1027w\" sizes=\"(max-width: 171px) 100vw, 171px\" \/><\/a><\/p>\n<p>Sofern Sie der Erhebung, Verarbeitung oder Nutzung Ihrer Daten durch Ganzheitliche Wohlf\u00fchlpraxis Sandra Schluzy gem\u00e4\u00df den datenschutzrechtlichen Bestimmungen insgesamt oder f\u00fcr einzelne Ma\u00dfnahmen widersprechen m\u00f6chten, richten Sie Ihren Widerspruch per Brief an folgende Kontaktdaten:<\/p>\n<p>Sandra Schluzy, 03099 Kolkwitz, Berliner Stra\u00dfe 132<\/p>\n<p>Wir legen gr\u00f6\u00dften Wert auf den Schutz Ihrer Daten und die Wahrung Ihrer Privatsph\u00e4re. Nachstehend informieren wir Sie deshalb \u00fcber die Erhebung und Verwendung pers\u00f6nlicher Daten bei Nutzung unserer Webseite.<\/p>\n<h4>Erheben, Speichern und Verwenden personenbezogener Daten<\/h4>\n<p>Bei dem Besuch unserer Website erheben, verwenden und speichern wir Ihre personenbezogenen Daten. Personenbezogene Daten sind nach \u00a7 3 Abs. 1 BDSG Einzelangaben \u00fcber pers\u00f6nliche oder sachliche Verh\u00e4ltnisse einer bestimmten oder bestimmbaren nat\u00fcrlichen Person (Betroffener).<\/p>\n<h4>Datenerhebung unter strenger Beachtung der Gesetze<\/h4>\n<p>Bei der Erhebung, dem Verwenden und Speichern von personenbezogenen Daten beachten wir die Vorschriften des Bundesdatenschutzgesetzes, des Telemediengesetzes und ggf. weiterer anwendbarer Datenschutzbestimmungen. Alle Kundendaten werden unter Beachtung der einschl\u00e4gigen Vorschriften des Bundesdatenschutzgesetzes (BDSG) und des Telemediengesetzes (TMG) von uns gespeichert und verarbeitet.<\/p>\n<h4>Auskunft<\/h4>\n<p>Sie haben jederzeit das Recht auf unentgeltliche Auskunft \u00fcber Ihre gespeicherten Daten sowie das Recht auf Berichtigung, L\u00f6schung bzw. Sperrung. Wenden Sie sich hierzu bitte an die im Impressum angegebene Kontaktadresse. Wir stehen Ihnen jederzeit gern f\u00fcr weitergehende Fragen zu unseren Hinweisen zum Datenschutz und zur Verarbeitung Ihrer pers\u00f6nlichen Daten zur Verf\u00fcgung.<\/p>\n<p>Kolkwitz, 24. Mai 2018<\/p>\n","protected":false},"excerpt":{"rendered":"<p>Datenschutzerkl\u00e4rung Verantwortliche Stelle Verantwortliche Stelle f\u00fcr die Erhebung, Verarbeitung und Nutzung Ihrer personenbezogenen Daten im Sinne des Bundesdatenschutzgesetzes (BDSG) ist Ganzheitliche Wohlf\u00fchlpraxis Sandra Schluzy, 03099 Kolkwitz, Berliner Stra\u00dfe 146 Sofern Sie der Erhebung, Verarbeitung oder Nutzung Ihrer Daten durch Ganzheitliche &hellip; <a href=\"http:\/\/sandra-schluzy.de\/cms\/datenschutz\/\">Weiterlesen <span class=\"meta-nav\">&rarr;<\/span><\/a><\/p>\n","protected":false},"author":1,"featured_media":0,"parent":0,"menu_order":0,"comment_status":"closed","ping_status":"closed","template":"onecolumn-page.php","meta":[],"_links":{"self":[{"href":"http:\/\/sandra-schluzy.de\/cms\/wp-json\/wp\/v2\/pages\/164"}],"collection":[{"href":"http:\/\/sandra-schluzy.de\/cms\/wp-json\/wp\/v2\/pages"}],"about":[{"href":"http:\/\/sandra-schluzy.de\/cms\/wp-json\/wp\/v2\/types\/page"}],"author":[{"embeddable":true,"href":"http:\/\/sandra-schluzy.de\/cms\/wp-json\/wp\/v2\/users\/1"}],"replies":[{"embeddable":true,"href":"http:\/\/sandra-schluzy.de\/cms\/wp-json\/wp\/v2\/comments?post=164"}],"version-history":[{"count":7,"href":"http:\/\/sandra-schluzy.de\/cms\/wp-json\/wp\/v2\/pages\/164\/revisions"}],"predecessor-version":[{"id":200,"href":"http:\/\/sandra-schluzy.de\/cms\/wp-json\/wp\/v2\/pages\/164\/revisions\/200"}],"wp:attachment":[{"href":"http:\/\/sandra-schluzy.de\/cms\/wp-json\/wp\/v2\/media?parent=164"}],"curies":[{"name":"wp","href":"https:\/\/api.w.org\/{rel}","templated":true}]}}