{"id":2,"date":"2015-09-17T15:31:45","date_gmt":"2015-09-17T13:31:45","guid":{"rendered":"http:\/\/sandra-schluzy.de\/cms\/?page_id=2"},"modified":"2025-02-06T18:56:43","modified_gmt":"2025-02-06T17:56:43","slug":"beispiel-seite","status":"publish","type":"page","link":"http:\/\/sandra-schluzy.de\/cms\/beispiel-seite\/","title":{"rendered":"Zu mir"},"content":{"rendered":"\n<p>Hallo, ich bin Sandra Schluzy, die Sch\u00f6pferin meiner ganzheitlichen Wohlf\u00fchlpraxis. Schon seit vielen Jahren ist es meine Leidenschaft, Menschen auf ihrem Weg zu mehr Entspannung, Gesundheit und innerer Balance zu begleiten. In einer Welt, die oft hektisch und stressig ist, habe ich es mir zu meiner Aufgabe gemacht, einen Raum zu schaffen, in dem sich jeder willkommen und geborgen f\u00fchlen kann.<br>In meinem Raum biete ich eine Vielzahl von Massagen an, die individuell auf die Bed\u00fcrfnisse meiner Klienten abgestimmt sind.<br>Ich glaube fest daran, dass Ber\u00fchrung eine kraftvolle Heilmethode ist, die nicht nur Verspannungen l\u00f6st, sondern auch das emotionale Wohlbefinden f\u00f6rdert.<\/p>\n\n\n\n<p>Mein Ansatz basiert auf einem ganzheitlichen Verst\u00e4ndnis von Gesundheit auf allen Ebenen. Ich nehme mir die Zeit, um die Anliegen und W\u00fcnsche meiner Klienten zu verstehen, und arbeite mit ihnen zusammen, um die bestm\u00f6glichen Ergebnisse zu erreichen.<\/p>\n\n\n\n<p>Ich bin dankbar f\u00fcr die M\u00f6glichkeit, Menschen auf ihrer Reise zu mehr Wohlbefinden zu begleiten. Letztendlich ist es auch immer meine eigene Reise.<\/p>\n","protected":false},"excerpt":{"rendered":"<p>Hallo, ich bin Sandra Schluzy, die Sch\u00f6pferin meiner ganzheitlichen Wohlf\u00fchlpraxis. Schon seit vielen Jahren ist es meine Leidenschaft, Menschen auf ihrem Weg zu mehr Entspannung, Gesundheit und innerer Balance zu begleiten. In einer Welt, die oft hektisch und stressig ist, &hellip; <a href=\"http:\/\/sandra-schluzy.de\/cms\/beispiel-seite\/\">Weiterlesen <span class=\"meta-nav\">&rarr;<\/span><\/a><\/p>\n","protected":false},"author":1,"featured_media":0,"parent":0,"menu_order":0,"comment_status":"closed","ping_status":"closed","template":"onecolumn-page.php","meta":[],"_links":{"self":[{"href":"http:\/\/sandra-schluzy.de\/cms\/wp-json\/wp\/v2\/pages\/2"}],"collection":[{"href":"http:\/\/sandra-schluzy.de\/cms\/wp-json\/wp\/v2\/pages"}],"about":[{"href":"http:\/\/sandra-schluzy.de\/cms\/wp-json\/wp\/v2\/types\/page"}],"author":[{"embeddable":true,"href":"http:\/\/sandra-schluzy.de\/cms\/wp-json\/wp\/v2\/users\/1"}],"replies":[{"embeddable":true,"href":"http:\/\/sandra-schluzy.de\/cms\/wp-json\/wp\/v2\/comments?post=2"}],"version-history":[{"count":27,"href":"http:\/\/sandra-schluzy.de\/cms\/wp-json\/wp\/v2\/pages\/2\/revisions"}],"predecessor-version":[{"id":234,"href":"http:\/\/sandra-schluzy.de\/cms\/wp-json\/wp\/v2\/pages\/2\/revisions\/234"}],"wp:attachment":[{"href":"http:\/\/sandra-schluzy.de\/cms\/wp-json\/wp\/v2\/media?parent=2"}],"curies":[{"name":"wp","href":"https:\/\/api.w.org\/{rel}","templated":true}]}}